q) = -251*q + 3377. Let c be x(12). Calculate the highest common divisor of 160 and c.
5
Suppose 30 = -10*h + 130. Suppose h = -130*p + 125*p. Let x be 7/(105/66)*(-5)/p. Calculate the greatest common factor of x and 110.
11
Suppose 0 = 24*f - 19*f + j - 24, -4 = -j. Let h be (f + 5)/(1*(-2)/(-10)). What is the highest common factor of h and 285?
15
Let f = -302 - -307. Suppose g = -5*r + 150, -3*r + f*g + 89 + 29 = 0. What is the greatest common divisor of r and 155?
31
Let x be 750/10 - (-4)/(-2). Let q be x + 3*(-4)/(-6). Let s be (13 - (36 - 20))/(6/(-50)). What is the highest common factor of s and q?
25
Let c(u) = -91*u + 294. Let o be c(-5). Calculate the greatest common factor of o and 2.
1
Suppose 3*k + 84 = -99*g + 102*g, 109 = 3*g + 2*k. Calculate the highest common factor of g and 209.
11
Let v(n) = 99*n**2 - 13*n - 91. Let m be v(-6). Calculate the highest common factor of m and 106.
53
Suppose 4*b + j = 224, 0 = 5*b - 3*j + 7*j - 269. Let g(w) = w**2 + 15*w + 5. Let p be g(-13). Let r = b + p. What is the greatest common factor of 12 and r?
12
Suppose -3*z + 3 = 7*b - 4*b, 3*b - 9 = -z. Let o = 299 + z. What is the greatest common divisor of 8 and o?
8
Suppose -526 = -7*q + 930. Calculate the highest common factor of q and 80.
16
Suppose -4*x - 32 = -4*h, 3*h + 8 = -x - 0*h. Let t be (5 + x)/(3/(-4)). Calculate the highest common divisor of 46 and t.
2
Let t(a) = 2*a**3 - 17*a**2 - 26*a + 24. Let v be t(10). What is the greatest common divisor of v and 40?
8
Let d be 110/25 - (-3)/5. Suppose 19 + 18 = 3*s - d*c, 3*c = 3*s - 27. Let f be (-84)/(-3)*(1 + s/(-8)). Calculate the highest common divisor of 21 and f.
7
Let g(f) = -62*f - 193. Let u be g(-14). Calculate the greatest common divisor of 850 and u.
25
Let c = -154 - -231. Let w be (-84)/(-16) + 2/(-8). Suppose w*j = c + 43. Calculate the highest common divisor of j and 6.
6
Suppose 743 = -6*t + 53. Let s = -110 - t. What is the highest common divisor of 40 and s?
5
Let h be (-16)/(-32) + 2/(8/954). Suppose 1 = 8*u - h. Calculate the highest common factor of u and 570.
30
Let z be ((-1)/(-2)*1)/(1/52). Suppose 64 = -10*k - z. Let b be (-20)/9*-3 - 3/k. What is the highest common factor of 49 and b?
7
Let a = -77 - -91. Suppose -a*m + 3*m + 715 = 0. Calculate the highest common factor of 13 and m.
13
Suppose 4*p = -16*p + 1740. Let m = 114 - p. What is the highest common divisor of m and 33?
3
Suppose 2727 = 4*f - 3*g, 0 = 2*f + 6*g - 11*g - 1353. Calculate the greatest common divisor of 1881 and f.
171
Suppose -6 = -14*b + 15*b, 0 = -h - 4*b + 65. Calculate the greatest common factor of 21004 and h.
89
Suppose -5*u + y - 1 = 0, -834*u + 5 = -835*u + y. What is the highest common factor of 557 and u?
1
Let u(i) = -i**2 - 10*i + 26. Let z be u(-12). Suppose -5*w = -t + 20, 2*t = z*w + 50 - 10. Calculate the highest common divisor of 180 and t.
20
Suppose -5*o - 1200*i + 1199*i = -55869, 3*i + 11193 = o. What is the greatest common factor of o and 150?
75
Suppose -2 = 2*x, -2*x + 10 = 3*k - 0*x. Let q be 3 - (-5 + (-1432)/k). Calculate the highest common divisor of 122 and q.
122
Let v(r) = -6*r**2 - 4*r + 675. Let h(u) = -u**2 - u. Let b(z) = -5*h(z) + v(z). Let t be b(0). Calculate the greatest common factor of t and 27.
27
Suppose 27*u - 25*u = 260. Let i = -122 + u. What is the greatest common factor of 104 and i?
8
Let h(w) = -w**3 - 23*w**2 + 25*w + 52. Let v be h(-24). Let c be 9792/v + (-6)/(-21). Suppose 84 = 3*z - 21. Calculate the greatest common divisor of c and z.
35
Suppose -47*h + 206707 + 28293 = 0. What is the highest common factor of h and 60?
20
Let c(t) = -t**3 + 13*t**2 + 8*t - 23. Let g be c(8). Suppose 4*o + 101 = g. Calculate the highest common divisor of o and 39.
13
Let w(a) = 43*a**2 - 473*a + 25. Let i be w(11). What is the greatest common factor of 1855 and i?
5
Let a = 212 + -217. Let f(b) = b + 40. Let n be f(a). What is the greatest common factor of n and 35?
35
Let j(m) = -5*m**3 - 191*m**2 - 41*m - 40. Let i be j(-38). Calculate the greatest common divisor of 3922 and i.
74
Let r = 1813 + -1553. What is the greatest common divisor of 988 and r?
52
Suppose -37*a + 448 = -181. Let f be 17 + 1*0/1. Calculate the highest common divisor of a and f.
17
Let g(y) = -y**3 - 23*y**2 - 15*y + 78. Let t be g(-22). Let u be 14*4/14 - t. Calculate the greatest common divisor of u and 240.
80
Let t be 4719/66*((-216)/6)/(-1). What is the greatest common divisor of t and 396?
198
Suppose -630 = -5*i + 5*u, 2*u + 264 = 4*i - 234. Suppose -5*r + 127 + i = 0. What is the highest common factor of r and 230?
10
Let i = -4212 + 5182. What is the highest common divisor of i and 30?
10
Let a be 4/12*-15 + 7. Let c = 2 - 1. Let y be (c - a)/((27/(-150))/9). What is the greatest common divisor of 10 and y?
10
Let z = 33 + -25. Let b be 5/(-2) + 1 - (-580)/z. Suppose -4*f - b = -127. Calculate the highest common divisor of f and 42.
14
Let v(b) = -b**3 - 10*b**2 - 10*b + 1. Let w be 2/(62/21 - 3). Let p = w + 33. Let j be v(p). What is the highest common divisor of j and 2?
2
Let w be 244*((-2223)/36)/(-13). What is the highest common divisor of w and 19?
19
Suppose -9*g + 6*g + 5*q = -4049, 0 = 6*q - 12. What is the greatest common factor of g and 33?
33
Let d = 157 + -164. Let c be (-64)/(-2) + 5 + d/1. What is the highest common divisor of c and 15?
15
Let x be (2845/3)/((-55)/(-198)). What is the greatest common factor of 6 and x?
6
Suppose v + 137 = 4*o, 341*o - 338*o + v - 115 = 0. Let z(l) = 115*l**2 + 3*l. Let c be z(3). What is the greatest common divisor of c and o?
36
Suppose 28*x = -6*x + 11*x + 2208. What is the greatest common factor of x and 5712?
48
Let n be (-4329)/12*-4 - -9. What is the highest common divisor of n and 528?
132
Let w be 182 + -93 + -3*1. What is the highest common divisor of 4214 and w?
86
Suppose 0 = -2*h - 5*o + 69, -2*o = -41*h + 38*h + 75. Let g(x) = x**2 + x - 2. Let r be g(-8). What is the highest common divisor of h and r?
27
Let j(c) = -148*c - 3211. Let x be j(-22). Calculate the greatest common factor of 1881 and x.
9
Suppose -2*u - 12*t + 626 = -11*t, 4*u - 4*t - 1216 = 0. What is the highest common factor of u and 4805?
155
Suppose 0 = -x - 147 - 44. Let t = 255 + x. What is the greatest common factor of t and 128?
64
Suppose 14*i = 2*i - 11*i + 74497. Calculate the highest common divisor of i and 82.
41
Let g be 19 + -2 + 7563 + 38. What is the highest common factor of 26 and g?
26
Let b = 626 + -569. Let r = b + -54. Calculate the highest common divisor of r and 39.
3
Let c = 11564 + -10252. Calculate the highest common factor of c and 164.
164
Suppose -14*v + 15314 = 9*v + 3*v. What is the greatest common divisor of 1121 and v?
19
Let k(x) = -13*x + 1. Let d be k(-3). Let p be -17*(-4 - -3) - (-7 + 16). Calculate the greatest common divisor of p and d.
8
Let r(c) = 2*c**3 - c**2 + 31*c - 78. Let g be r(3). Calculate the highest common divisor of g and 768.
12
Let h = 78 - 76. Suppose 216 = h*u + 200. Calculate the highest common divisor of u and 136.
8
Suppose -166*v + 172*v - 14304 = 0. What is the greatest common factor of v and 16?
16
Let f = -1071 - -230. Let g = f + 931. Suppose 74 - 2 = 2*l. What is the greatest common divisor of g and l?
18
Let g be 408/5 + 8 + (-1978)/230. Calculate the greatest common divisor of g and 14661.
81
Let d = 346 - 170. Suppose -5*c - z = -59, 63*c - 62*c + 5*z = 31. What is the highest common factor of d and c?
11
Suppose 0 = 89*c - 137210 - 376765. Calculate the highest common factor of c and 231.
231
Let w(v) = -v**3 - 20*v**2 - 52*v + 438. Let m be w(-16). What is the highest common divisor of m and 2173?
41
Let k(q) = -845*q - 97. Let l be k(-2). Calculate the highest common factor of l and 236.
59
Let z = 5 + -3. Let u = 59 - 6. Suppose -z*o + u + 607 = 0. What is the greatest common divisor of 30 and o?
30
Let w(f) = -4*f**3 - 2*f**2 + 5*f. Let m be w(-4). Suppose -320*u = -331*u + 132. Calculate the highest common divisor of u and m.
12
Let y be (33 - 38) + (3 - -3170). What is the greatest common divisor of 108 and y?
36
Suppose 6*c = -2*c + 352. Suppose -3*u - 75 = -240. Calculate the highest common divisor of u and c.
11
Let u(y) = 16*y**2 - 71*y + 6. Let s be u(-3). Calc